.
408
Let b(q) = -7*q**3 - 272*q**2 + 38*q - 46. What is b(-39)?
-7
Let s(i) = -i**3 + 20*i**2 - 75*i + 40. What is s(3)?
-32
Let k(n) = 67*n**2 + 1924*n - 3842. Determine k(2).
274
Let i(a) = -23*a**2 - 1385*a + 72. Determine i(-58).
3030
Let h(m) = 3*m**2 - 5478*m - 77285. What is h(-14)?
-5
Let k(a) = -29*a**3 - 115*a**2 + 62*a + 221. Give k(-4).
-11
Let a(v) = 47*v**2 + 895*v + 63. Calculate a(-19).
25
Let o(g) = -34837*g - 12. Determine o(0).
-12
Let c(y) = -26*y + 201. What is c(20)?
-319
Let r(n) = 40*n**2 + 1085*n + 98. Give r(-27).
-37
Let g(a) = -95893*a + 287674. Give g(3).
-5
Let k(p) = p**3 + 80*p**2 - 1005*p - 360. Determine k(-91).
4
Let h(c) = 284*c + 54189. Calculate h(-191).
-55
Let d(l) = -l**3 - 42*l**2 - 217*l - 85. Calculate d(-36).
-49
Let l(b) = 46*b**3 + 1015*b**2 + 4038*b + 87385. Determine l(-22).
1
Let p(u) = -57689*u + 4961261. Give p(86).
7
Let j(x) = x**2 - 399021*x - 5985513. Give j(-15).
27
Let g(c) = -1780*c - 12578. Calculate g(-7).
-118
Let k(m) = 2*m**2 - 541*m - 2119. Give k(-4).
77
Let d(y) = -7589*y + 440159. Give d(58).
-3
Let p(q) = 145*q + 7469. Calculate p(-48).
509
Let j(x) = -637*x - 90188. Calculate j(-141).
-371
Let j(o) = -2*o**3 + 84*o**2 - 6*o - 3100. Calculate j(41).
16
Let n(y) = 3*y**2 - 185*y - 3987. Give n(-17).
25
Let h(g) = 10*g**3 + 61*g**2 + 2*g - 13. Calculate h(-6).
11
Let f(h) = 949*h + 6460. Calculate f(-7).
-183
Let a(q) = 2*q**3 - 1702*q**2 + 1007*q + 589055. What is a(850)?
5
Let f(u) = -13*u**2 + 577*u + 1156. Determine f(-2).
-50
Let z(a) = a**3 + 17*a**2 - 74*a + 196. What is z(-25)?
-2954
Let h(a) = -11*a**3 + 282*a**2 + 99*a - 58. Determine h(26).
-188
Let j(b) = b**2 + 25119*b - 1687352. Determine j(67).
110
Let g(y) = -426*y + 113722. Give g(267).
-20
Let m(w) = -4148*w + 15918. What is m(4)?
-674
Let x(y) = y**3 - 34*y**2 + 975*y - 37687. What is x(36)?
5
Let i(h) = h**2 + 9721*h - 126538. Calculate i(13).
4
Let n(f) = -26179*f + 104723. Give n(4).
7
Let b(g) = -4*g**3 - 66*g**2 - 272*g + 26. Give b(-6).
146
Let r(q) = -228*q**2 - 37978*q + 16359. Determine r(-167).
-7
Let n(s) = -2*s**3 - 106*s**2 + 1860*s + 9398. Determine n(-66).
-106
Let x(s) = -s**3 + 48*s**2 + 34*s - 959. Calculate x(48).
673
Let m(c) = -357*c**3 - 12*c**2 - 7*c - 21. What is m(0)?
-21
Let j(a) = -619*a + 34100. Determine j(55).
55
Let z(d) = -30*d**2 - 385*d - 1224. What is z(-9)?
-189
Let h(g) = -96*g + 21907. Give h(228).
19
Let a(m) = 46*m**2 - 120*m + 37. Calculate a(5).
587
Let u(t) = -t**2 - 96*t - 16. Give u(-48).
2288
Let j(t) = -t**2 - 131*t + 10476. What is j(-187)?
4
Let c(q) = -695*q**2 + 13870*q + 593. What is c(20)?
-7
Let h(v) = 725*v - 18203. Give h(25).
-78
Let u(r) = 144*r**2 - 414*r - 1231. Give u(-3).
1307
Let w(b) = -9*b**2 - 521*b + 108. Calculate w(-58).
50
Let k(b) = b**3 - 273*b**2 - 495*b - 15155. Determine k(275).
-30
Let i(o) = -o**3 - 156*o**2 - 4252*o - 35210. What is i(-124)?
6
Let p(z) = -z**3 + 19*z**2 - 1952*z + 5719. What is p(3)?
7
Let n(v) = 3692*v + 203165. What is n(-55)?
105
Let z(l) = -668*l + 87497. Calculate z(131).
-11
Let t(b) = 69905*b - 209948. What is t(3)?
-233
Let y(k) = 2164*k + 71417. Give y(-33).
5
Let l(n) = 8*n**3 - 367*n**2 + 336*n - 952. Calculate l(45).
-7
Let p(i) = 3*i**2 - 10015*i - 20029. What is p(-2)?
13
Let r(p) = -1840*p**2 - 3589*p - 1. Give r(-2).
-183
Let c(q) = 1956*q**2 + 7833*q + 21. Calculate c(-4).
-15
Let b(q) = -11*q**3 - 23*q**2 - 13910*q - 27822. Give b(-2).
-6
Let q(b) = 15*b**3 + 4*b**2 - b - 2. What is q(-1)?
-12
Let m(d) = 424*d**2 - 22354*d + 15912. Give m(52).
0
Let c(y) = -51273*y - 1794526. Calculate c(-35).
29
Let t(g) = -55*g**2 + 47*g - 94. What is t(2)?
-220
Let x(i) = 4817219*i + 24086091. What is x(-5)?
-4
Let h(f) = f**3 - 15*f**2 + 209*f - 2491. What is h(14)?
239
Let l(g) = -115*g**2 - 13*g - 69. Calculate l(3).
-1143
Let b(c) = 3*c**3 + 317*c**2 - 139*c + 170. Give b(-106).
3668
Let d(c) = -5734*c + 11195. Give d(2).
-273
Let v(l) = -l**3 - 432*l**2 - 623*l - 457246. What is v(-433)?
2
Let k(o) = -10807*o + 43613. Determine k(4).
385
Let c(k) = -k**3 + 64*k**2 - 304*k + 46. Determine c(5).
1
Let w(d) = -d**3 + 73*d**2 - 934*d - 3035. Determine w(55).
45
Let p(q) = -q**3 + 41*q**2 - 321*q - 78. Determine p(10).
-188
Let n(h) = 379*h**2 + 1221*h - 14. What is n(-4)?
1166
Let a(y) = -4797*y - 38215. What is a(-8)?
161
Let j(x) = 227*x**2 + 707*x + 500. What is j(-2)?
-6
Let c(h) = h**3 - 161*h**2 + 6061*h + 3711. Determine c(100).
-189
Let o(k) = -734*k - 88049. What is o(-120)?
31
Let u(z) = z**3 - 300*z**2 + 2331*z + 1462. What is u(292)?
2
Let d(o) = -10894*o - 305045. What is d(-28)?
-13
Let a(h) = -1288*h - 36520. Calculate a(-29).
832
Let r(i) = -26455*i - 10661319. What is r(-403)?
46
Let s(h) = -119*h + 2649. Calculate s(18).
507
Let g(h) = 13*h**3 + 17*h**2 + 33*h + 28. Calculate g(-1).
-1
Let h(p) = 1951*p - 339501. What is h(174)?
-27
Let j(g) = g**3 - 20*g**2 - 2537*g + 31489. Determine j(12).
-107
Let k(n) = 47377*n + 284279. What is k(-6)?
17
Let y(f) = -1847*f - 11386. What is y(-6)?
-304
Let k(u) = u**3 + 63*u**2 + 62*u + 71. Give k(-62).
71
Let h(f) = 4060*f - 4786740. Give h(1179).
0
Let f(q) = -15*q**3 + 105*q**2 + 25*q - 60. Give f(7).
115
Let h(n) = 6*n**3 + 1130*n**2 + 386*n + 1440. Give h(-188).
-440
Let j(r) = 28441*r - 14760869. Determine j(519).
10
Let q(d) = 119*d**3 - 401*d**2 + 395*d + 4. What is q(1)?
117
Let h(p) = -56443*p - 338628. Determine h(-6).
30
Let x(h) = -12*h**2 + 1445*h - 12233. Give x(9).
-200
Let a(g) = -g**2 - 4*g + 6354. Determine a(84).
-1038
Let m(f) = -f**3 - 132*f**2 - 3199*f + 65. Determine m(-100).
-35
Let h(o) = o**3 + 37*o**2 + 44*o + 472. Give h(-36).
184
Let p(n) = 6051*n + 30333. Determine p(-5).
78
Let o(k) = -k**2 - 22*k + 670. What is o(-28)?
502
Let q(m) = -6*m**3 - 50*m**2 - m + 142. Calculate q(-6).
-356
Let f(m) = -m**3 - 41*m**2 + 180*m - 20. Calculate f(5).
-270
Let q(s) = -194*s**3 - 19*s**2 - 182*s - 162. Calculate q(-1).
195
Let u(m) = -167802*m - 47320159. What is u(-282)?
5
Let b(a) = 3*a**2 + 193*a - 3016. Give b(-74).
-870
Let l(u) = 5*u**2 - 1198*u - 42532. What is l(271)?
15
Let h(c) = 1556*c + 7696. What is h(-5)?
-84
Let g(i) = 4*i**2 + 495*i + 38. What is g(-126)?
1172
Let u(b) = 13423*b - 22429844. Calculate u(1671).
-11
Let b(a) = -a**2 + 4288*a + 300. Determine b(0).
300
Let h(l) = -225*l**2 + 16423*l + 149. Determine h(73).
3
Let b(k) = 170010*k - 5780330. Give b(34).
10
Let v(c) = -7*c**2 - 12939*c + 25879. What is v(2)?
-27
Let w(p) = -2961*p + 13193. What is w(5)?
-1612
Let u(m) = -m**3 + 6*m**2 - 94*m - 334. Determine u(-3).
29
Let b(f) = 8054*f + 580456. Determine b(-72).
568
Let h(f) = -27*f**2 + 604*f - 2993. What is h(15)?
-8
Let f(v) = -11682*v - 23358. Calculate f(-2).
6
Let f(g) = 442012*g + 883971. Determine f(-2).
-53
Let q(y) = 20401*y - 287. What is q(0)?
-287
Let u(p) = -2*p**3 + 2*p**2 + 256*p + 1529. Determine u(-6).
497
Let m(d) = d**2 - 17*d - 41. Calculate m(33).
487
Let n(z) = -42172*z - 843460. Give n(-20).
-20
Let s(q) = q**2 - 665*q - 1256. Give s(0).
-1256
Let t(x) = -5*x**3 + 82*x**2 - 358*x + 56. What is t(6)?
-220
Let w(d) = 480*d + 7609. What is w(-18)?
-1031
Let m(c) = c**2 - 709*c + 7005. Determine m(10).
15
Let r(y) = -3*y**2 - 868*y + 16066. What is r(-307)?
-205
Let x(n) = 4677*n - 9464. Determine x(2).
-110
Let q(j) = 2*j**3 - 601*j**2 - 1511*j - 1235. Give q(303).
-23
Let w(l) = l**3 + 2261*l**2 - 41026*l + 66. Give w(18).
-6
Let t(s) = 5*s**3 + 254*s**2 + 191*s - 215. Give t(-50).
235
Let x(c) = -107*c**3 + 16*c + 18. Calculate x(-1).
109
Let d(t) = -23*t**2 + 188*t + 900. Determine d(-5).
-615
Let q(v) = 199728*v + 13781239. Determine q(-69).
7
Let q(k) = 329*k**2 + 5192*k - 1137. Give q(-16).
15
Let d(u) = -u**2 - 700*u + 13377. Give d(19).
-284
Let s(p) = 4541*p**3 + 6*p**2 + 66*p - 72. Give s(1).
4541
Let f(b) = 110181*b + 110250. What is f(-1)?
69
Let v(l) = 4*l**2 + 1181*l - 30683. Determine v(24).
-35
Let p(x) = 9*x**3 - 48*x**2 + 90*x - 461. Calculate p(5).
-86
Let a(z) = -1151998*z + 17279943. What is a(15)?
-27
Let s(m) = 3*m**2 - 187*m + 3044. Calculate s(25).
244
Let c(g) = -10*g**2 + 135*g + 2426. What is c(24)?
-94
Let l(x) = -2*x**3 + 475*x**2 + 1671*x + 3842. Calcul